 = 4*h + 3. Let i be d(q). Let m = 26 - i. What is the units digit of m?
1
Let k(o) be the first derivative of 3*o**3 + 5*o**2 - 11*o + 31. What is the hundreds digit of k(-9)?
6
Let u be (685/137)/(((-30)/4)/(-3)). What is the thousands digit of ((-6)/10)/(u/(-5960))?
1
Suppose -5023*j + 181815 = -5018*j. What is the hundreds digit of j?
3
Let i be (-9)/24*(-9 - -1). Suppose 2*f = i*n - 1552, -5*n + 641 = -f - 1948. What is the units digit of n?
8
Let o = -1130 - -249. Let v = 345 + o. What is the units digit of (v/(-6))/(2/3)?
4
Suppose 3*q - 6*q + 15 = 0. Let g(s) = 45*s**2 - s - 1. Let c be g(2). Suppose q*b + 27 = c. What is the units digit of b?
0
Suppose 57 - 17 = -8*n. What is the hundreds digit of (n - 5635/(-14))*24/20?
4
Suppose -g - 17 = -3*p - 0, -3*g - 35 = -5*p. Suppose -10*t = p*t - 84. Suppose 5*j = f + t*j - 20, 4*f - 3*j - 66 = 0. What is the tens digit of f?
1
Let u = 119 - 149. Let c be 2 + -6 + 1*u/(-3). What is the units digit of 8/2 + c*226/6?
0
Let d(t) = 120*t**3 + 3*t**2 - 2*t + 2. Let x be d(1). What is the tens digit of 56539/x - (-14)/6?
6
Let d(a) be the first derivative of 20*a**3/3 - 3*a**2/2 - 2*a - 185. What is the hundreds digit of d(-3)?
1
Let j(k) = -1973*k**3 + 5*k**2 + 110*k + 210. What is the tens digit of j(-2)?
9
Let c be 11244/4*(40/(-12) + 4). Suppose -c = -v + 206. What is the units digit of v?
0
Let v(o) = o. Let z(n) be the third derivative of n**5/60 + 11*n**4/24 + 5*n**3/2 + 13*n**2. Let k(y) = 3*v(y) + z(y). What is the units digit of k(-19)?
0
Let a be (-6 + -4 + 7)*-1. Suppose 34*l - 30*l = -2*x + 20, 0 = -2*x + a*l + 55. What is the units digit of x?
0
Suppose 0 = 30*i - 116643 - 70257. What is the hundreds digit of i?
2
What is the thousands digit of 52*(76962/408 - (-6)/51) - -6?
9
Let a(p) = 4*p**2 + 5*p + 16. Let v be 2/(-2)*(-27 - -36). What is the tens digit of a(v)?
9
Let s(l) = 90*l + 3. Suppose 2 = -8*v + 9*v. What is the units digit of s(v)?
3
Suppose f - 2*o + 3 = 0, -2*f - 2*f - o + 15 = 0. Suppose k + 11 = 3*y - 4, -5*k - f = 3*y. Suppose -2*r = -y*r + 76. What is the tens digit of r?
3
Suppose 6*b + 4 = 4*b. What is the tens digit of ((-6)/(-9))/(b/(-3)) - -46?
4
Let h = -534 + 782. Let b be ((-522)/15)/(-1 + 36/30). Let z = h + b. What is the tens digit of z?
7
Let m be ((-25)/5 - -4)/((-2)/10). Let s be (453/30 - 3)*24*m. What is the hundreds digit of 1 - s/(-10) - (-2)/(-10)?
1
Let w = -328 - -698. Suppose 2*a + 8*a - w = 0. Suppose 4*t - i - 216 = a, -249 = -4*t - 3*i. What is the tens digit of t?
6
Let y = -5503 + 5512. Let j(i) = i**2 + 6*i - 2. Let k be j(-6). What is the tens digit of k/3 - (-942)/y?
0
What is the thousands digit of ((-5696)/5)/(1/(-20)) + (62 - 60)?
2
Let h be (-3)/(-2)*28/21. Suppose g = h*c + 74 + 89, 0 = c. Let o = g + -50. What is the units digit of o?
3
Let c = 31780 - -32085. What is the hundreds digit of c?
8
Let p(r) = 2*r**2 - 2*r. Let n be p(3). Let q be (12/(-16) - (-12174)/(-24))/(-2). What is the units digit of q/n + 1/(-6)?
1
Let p(n) = 17*n**2 - 19*n + 33. Let k(w) = -2*w**2 + 32*w - 104. Let c be k(11). What is the hundreds digit of p(c)?
5
Let k = -288 - -173. What is the units digit of (-6*8/(-80))/((-1)/k)?
9
Let q(y) = 3*y + 21. Let w be q(-6). Suppose 2*s = w*h - s - 477, 0 = 2*s + 6. What is the units digit of h?
6
Let q(i) = -552*i**3 + 2*i + 1. Let n = -208 + 207. What is the units digit of q(n)?
1
Let m be (8/(-16))/((-2)/48). Let z be 1/(((-2)/8)/((-9)/m)). What is the units digit of 730/z - 18/(-27)?
4
Let u be ((-2)/1)/(3/(-6)). Let y = -978 - -980. Suppose u*v + 224 = 2*a, 6*v = -3*a + y*v + 286. What is the hundreds digit of a?
1
Let p(b) = -59*b - 364. Let q be p(-29). Let a = q - -625. What is the hundreds digit of a?
9
Let x = -379 - -456. What is the hundreds digit of (-6 - x/22)*(-69 + -1)?
6
Let a = 435 + -378. Let k = a + 759. What is the hundreds digit of k?
8
Let d(g) = 35*g - 19. Suppose 8*v + 57 = -11*v. Let o be d(v). What is the hundreds digit of o*6/(-8)*35/15?
2
Let r = 188 - 169. Suppose -30*q + 4873 = -r*q. What is the hundreds digit of q?
4
Let a(y) = -45*y**3 - 4*y**2 - 3*y + 24. Let k(h) = 90*h**3 + 7*h**2 + 8*h - 47. Let m(c) = 5*a(c) + 3*k(c). What is the hundreds digit of m(3)?
2
Let h(y) be the third derivative of y**6/120 - 2*y**5/15 - y**4/4 - 3*y**3 - 4*y**2. Let r be h(9). Suppose -12*j + r*j = -165. What is the tens digit of j?
5
Let o be (0 + 0 + 2)/1. Suppose -8 = -4*p - 2*y + 5*y, 2*p - 4 = o*y. Suppose 207 = p*c + 7*c. What is the units digit of c?
3
What is the tens digit of (192176/80)/(9/45)?
1
Suppose -24*z + 653124 = -98964. What is the ten thousands digit of z?
3
Suppose 7*x + 4 = 4*x - 4*v, 10 = -x + 3*v. Let p(f) = 37*f**2 + 5*f. What is the units digit of p(x)?
2
Let g = -71 + 75. Suppose g*u + 0*j - 7 = -5*j, 8 = u - 5*j. Suppose 54 = 2*z + 4*n - 0*n, 0 = -u*z - 5*n + 85. What is the units digit of z?
5
Suppose 5*m - 5957 - 18098 = 0. What is the thousands digit of m?
4
Let d = 0 - -9. What is the units digit of 1326/d - 40/(-60)?
8
Let x = 34580 + -23380. What is the hundreds digit of x?
2
Let i(d) = 2*d - 2. Let g(n) = -186*n - 120. Let t(r) = g(r) - 12*i(r). What is the units digit of t(-6)?
4
Let y be 45/30*(-10)/(-3). Suppose 2*x = 4*q + 698 + 764, -q = -y*x + 3637. What is the tens digit of x?
2
Let c = 7016 - 704. What is the units digit of c?
2
Let y be (-14)/6*(-5 - -2). Suppose 137 = -55*n + 18*n + 5095. Suppose -953 = -y*o - n. What is the tens digit of o?
1
Let i = 1926 + -83. Suppose i = 9*j - 1262. What is the hundreds digit of j?
3
Let d(u) = 136*u - 10. Let i be d(1). Suppose -161*x = -162*x + i. What is the tens digit of x?
2
Suppose -5*z + 37*c = 34*c - 5, 1 = 4*z - 3*c. Let t(l) = l + 6. Let w be t(-6). Suppose -14 = -z*n + 3*n - 2*d, n - 2*d - 34 = w. What is the tens digit of n?
2
Suppose -16*l = 921 + 183. Let p = 358 - l. What is the units digit of p?
7
Suppose -84*d + 35*d + 404348 = 0. What is the hundreds digit of d?
2
Suppose 4*c + 152 = -164. Let j = c + 88. What is the units digit of (-784)/(-12) + -2 - 3/j?
3
Let v(p) = p**3 + 3*p**2 - 4*p - 2. Let q be v(-4). Let x(s) = -36*s**3 + 4*s**2 + s + 1. What is the units digit of x(q)?
3
Let k = -2346 + 6381. What is the units digit of k?
5
Let g(n) = 1668*n**2 - 162*n - 2. What is the units digit of g(5)?
8
Let f(t) = t**3 - 2*t**2 - 6*t - 4. Let x be (24/15)/(6/15). Let v be f(x). What is the tens digit of (v/(-16) - 0) + (-333)/(-4)?
8
Suppose -24*x - 100 = -49*x. Suppose 4*s = -2*a + 6466, -s = -x*s - 4*a + 4847. What is the hundreds digit of s?
6
Let v be 1/(-1) - 23/(-23). Suppose r + v*r - 944 = 0. Suppose n + 750 = 4*l - n, 5*l - r = -4*n. What is the tens digit of l?
8
Suppose 27*z - 384297 = 123581 - 14993. What is the units digit of z?
5
Suppose 5*n - 14 = -0*n + 4*j, n - 4*j - 6 = 0. Let c(z) = z**2 - 3*z + 7. Let m be c(n). What is the units digit of (15/(-12))/(m/(-240))?
0
Let f = -78 + 118. What is the hundreds digit of (-520)/f*2*-13?
3
Suppose 209*z + 151098 = 217*z - 89422. What is the thousands digit of z?
0
Suppose 76571 = -12*q - 42181. What is the hundreds digit of 3 + (-8)/(-44) + q/(-22)?
4
Suppose 20 = -d + 3*n + 166, 0 = 3*n + 6. Let v = 18 + -8. Suppose -v*y = -6*y - d. What is the units digit of y?
5
Let f = -14224 - -24107. What is the units digit of f?
3
Suppose -33392 = 10*h + 39778. What is the units digit of h/(-18)*4/6?
1
What is the tens digit of (194*1 - -1)*(-1645)/(-705)?
5
Suppose -31*p + 5*p - 6*p + 52128 = 0. What is the units digit of p?
9
Suppose 5*l + 6*p = 5*p + 5819, -l + 1183 = 5*p. Suppose 287 = -q - 2*m, 4*q + 5*m = -0*m - l. Let z = -114 - q. What is the hundreds digit of z?
1
Suppose 80*i = 82*i - 6. Let t(r) = 283*r - 82. What is the tens digit of t(i)?
6
Let f(o) = -o**3 + 6*o**2 + o + 9. Let i be f(0). Let c(z) = 3*z**2 - z + 27. What is the hundreds digit of c(i)?
2
Suppose -4*b = 2*q - 76, 0*q = -4*b - 5*q + 82. What is the thousands digit of (b/4)/(8 - (-23397)/(-2926))?
1
Let n = -4698 - -7566. What is the tens digit of n?
6
Let t = 266 + 435. Suppose 101 = -4*y + t. What is the units digit of y?
0
Suppose -4*u - 8 = 2*n, -4*u = -n - 0 - 4. Let s(f) = -2*f**2 + f + 4. Let q be s(u). What is the units digit of (-3 - -31)/q - 4?
3
Let q be (8 - 